 divisor of 56 and m?
7
Let k be 5/20 - (-2)/(-8). Let s be 2*(k - (-77)/2). What is the greatest common divisor of 11 and s?
11
Let u be (-2)/(-12) + 609/18. Let a = u + -4. Suppose 4*i - 25 = 3*s, 1 = s - 4. Calculate the highest common factor of a and i.
10
Let g(k) = -k + 3. Let c(a) = -2*a + 5. Let t(z) = -5*c(z) + 8*g(z). Let j be t(1). Let l = 11 + j. Calculate the greatest common factor of 3 and l.
3
Let g(v) = 3*v - 1. Let l be g(1). Suppose -j - 7 = -l*j. What is the greatest common divisor of 7 and j?
7
Suppose -4*i - i = -75. Calculate the highest common divisor of 6 and i.
3
Suppose u + 4*u - 20 = 0. Suppose -u*m = -m - 6. Suppose 46 = 3*c - m. Calculate the highest common divisor of 40 and c.
8
Let y(b) = b**3 - b**2 - 2*b - 1. Let n = -2 + 4. Let w be y(n). Let r(g) = 15*g**2 - 1. Let p be r(w). What is the highest common divisor of p and 112?
14
Suppose 123 = 10*n + 3. Calculate the highest common divisor of n and 24.
12
Let j be (-4)/(-8)*116 + -3. What is the highest common divisor of j and 11?
11
Suppose 2*y = 6, -5*q + 4*y - y - 174 = 0. Let m = q + 51. What is the highest common factor of m and 90?
18
Suppose 5*z = 3*p - 118, 8 + 0 = -4*z. Let r = p + -12. What is the greatest common divisor of r and 12?
12
Suppose -8 - 34 = -2*u. What is the highest common divisor of 147 and u?
21
Let q = -15 + 7. Let t be (-1)/(-4) - 22/q. Calculate the highest common factor of 24 and t.
3
Suppose -22 = -3*h + 44. Calculate the highest common divisor of 33 and h.
11
Let d = -39 + 55. What is the greatest common divisor of d and 2?
2
Let x = -103 - -118. What is the greatest common factor of 75 and x?
15
Let t(z) = z**3 - 8*z**2 - 10*z + 11. Let o be t(9). Suppose 0*i + o*i = 30. Calculate the highest common divisor of i and 45.
15
Suppose 4*g - 2*g + 2*o + 6 = 0, 3*o + 15 = 0. Calculate the greatest common factor of 4 and g.
2
Let h be 2/(6/9) - -53. Calculate the highest common divisor of h and 140.
28
Let n(h) = -h**3 - 22*h**2 - 8*h + 34. Let o be n(-22). Calculate the greatest common factor of 5 and o.
5
Suppose h = -4*h + 495. Calculate the greatest common divisor of 9 and h.
9
Let r(d) = d + 3. Let k be r(-4). Let b(z) = 12*z - 8*z - 52*z. Let h be b(k). What is the highest common factor of 12 and h?
12
Suppose 5*v = -5*f + 3*f + 56, v - 3*f - 1 = 0. What is the greatest common factor of 2 and v?
2
Let d(c) = -c**3 + 12*c**2 - 11*c + 14. Suppose 0*p + 19 = p - 4*g, 4*g + 8 = 0. Let a be d(p). What is the greatest common divisor of a and 126?
14
Let p(o) = -o - 4. Let f be -4 + 6 + 1 + -11. Let u be p(f). Calculate the greatest common factor of u and 6.
2
Let m(p) = -2*p + 1. Let b be m(-1). Let n(a) = 0*a**3 + 6*a**b + 0*a**3. Let j be n(1). Calculate the highest common divisor of j and 6.
6
Suppose 71 = -2*i + 467. Let u(b) = b - 7. Let t be u(3). Let r(h) = -4*h + 2. Let c be r(t). What is the greatest common factor of i and c?
18
Let y be ((-4)/(-5))/(11/330). Let z(t) = -t**3 + 7*t**2 - 5*t. Let l be z(6). Calculate the greatest common divisor of l and y.
6
Suppose 2*u - 4*z - 160 = 0, -3*u + z = 2*u - 364. Calculate the greatest common factor of u and 24.
24
Suppose 0 = -0*i + 5*i. Let g(u) = u. Let m be g(i). Suppose -4*j + 5*h + 94 = 4*h, m = -3*h + 6. What is the highest common factor of j and 16?
8
Let l(d) = d**2 + d + 5. Let c be l(4). Let k = -13 + c. Let r = -8 + k. Calculate the highest common divisor of 28 and r.
4
Suppose -4*j = -2*u - 2 - 8, 0 = 5*u + 5. Suppose 3*k - 4 = j*k. Suppose q + 5*p = 27 - k, 0 = 3*q - 4*p + 7. What is the greatest common factor of q and 3?
3
Suppose -231*p + 239*p - 504 = 0. Suppose -m = -2*j - 13, -4*m + 2*j = 3*j - 34. Calculate the highest common factor of p and m.
9
Suppose i = 5*h + 2*i - 70, 100 = 5*h - 5*i. Calculate the greatest common divisor of 30 and h.
15
Let g be 6 + -1 + 4/(-2). Let t be ((-53)/3)/(1/g). Let u = -35 - t. What is the highest common divisor of 36 and u?
18
Let c = 3 + -3. Let w = 3 - c. Suppose -3 + 51 = w*q. Calculate the greatest common factor of q and 24.
8
Let k = 23 + -11. Suppose 3*a = -0*x + x - 4, 4*a = 0. Suppose 4*l - 2*v = 3*v + 43, -x*l - v + 49 = 0. Calculate the greatest common factor of k and l.
12
Let h(m) = m + 14. Let i be h(-10). What is the greatest common factor of 36 and i?
4
Let i(j) = -j**3 - 2*j**2 - j. Suppose -2*z + 22 = -3*g, -2*z = -0*z - 10. Let t be i(g). What is the greatest common factor of t and 4?
4
Let z(x) = x**2 + 7*x + 3. Let k = -14 + 7. Let y be z(k). Suppose y*a - 3 = -2*b, 2*b + a = 3*b - 14. Calculate the greatest common divisor of b and 27.
9
Suppose 3*c = 3*n - 90, -2*n - 4*c + 53 = c. Suppose 2*v = 7*v - 1595. What is the highest common factor of n and v?
29
Suppose 0 = -3*l - l + 68. What is the greatest common factor of 119 and l?
17
Suppose 3*g - 2*d + 0*d - 6 = 0, -2*g + 4 = -2*d. Let u be (1 - g/2)*-1. Suppose u = -0*r + 2*r - 52. Calculate the highest common divisor of r and 13.
13
Let i = 62 + 3. Suppose 5*h - 12 = d, 0 = 4*d + 3*h - 2*h - 57. Calculate the highest common divisor of d and i.
13
Suppose 0 = -2*n + n + 15. Suppose -3*t = 2*t - 75. Calculate the greatest common factor of t and n.
15
Suppose 0 = 3*c + 3*k - 63, -6*c - 2*k + 90 = -2*c. What is the highest common factor of 192 and c?
24
Suppose 3*f + 43 = 2*v, 0 = -3*v + f + 52 - 5. Suppose 0 = -r + 2*r - 28. Calculate the highest common factor of v and r.
14
Suppose 0 = 2*t - 4*p - p - 59, 93 = 4*t - 5*p. Let l = -8 + t. What is the highest common factor of l and 6?
3
Let s be 18/10*(-6 + 11). Let p(l) = 19*l - 15. Let r be p(6). What is the greatest common divisor of r and s?
9
Suppose 6*g - 80 = -2*l + g, 0 = -4*g. What is the highest common factor of l and 120?
40
Let c = 10 + -6. Suppose -c*s - 4*u = -100, 102 = 4*s - 0*s + 3*u. Let y = s + 3. What is the highest common factor of 12 and y?
6
Let c be 0/(-2) - (-48 - 6). Let p = c - 36. What is the greatest common divisor of 45 and p?
9
Let x(m) = m**2 - 8*m + 5. Let s be x(8). Let l = -18 - -31. Suppose -17 = -3*q + l. Calculate the greatest common factor of q and s.
5
Suppose 3*x = -12 - 66. Let z be (x/3)/((-22)/33). Suppose q = -3*q + 572. Calculate the greatest common divisor of z and q.
13
Suppose 28 = 4*w + 4*g, 6*w - 19 = 3*w - 5*g. Let d be w/10*(-4 + -1). Let v be (-202)/(-22) + d/22. Calculate the greatest common factor of 27 and v.
9
Let q be 88/(-6) + 2/(-6). Let g be (12/(-15))/(6/q). Suppose -g*c + 50 = 3*c. What is the highest common divisor of c and 30?
10
Suppose -4*m = -4*g - 0*g - 100, -3*m + 80 = -2*g. What is the highest common divisor of 150 and m?
30
Suppose 6*c - 47 + 5 = 0. Let n = 13 - -1. What is the highest common factor of n and c?
7
Suppose -3*z - 1 = -4*z. Let g be (2/4)/(z/6). Suppose 5*b + 40 = g*s - 30, 4*s = b + 116. What is the highest common divisor of 20 and s?
10
Let g = -36 - -84. Let o(j) = 38*j + 6. Let a be o(3). What is the greatest common factor of g and a?
24
Let m(y) = 2*y**2 + 6*y + 5. Let p be m(-4). Let c be (3 + -2 - 0)*117. What is the greatest common divisor of c and p?
13
Suppose 0 = 7*r - 17*r + 2560. Calculate the greatest common factor of 16 and r.
16
Let s = 21 - 16. Suppose -j + 0*j + r = -5, -20 = -4*j - 2*r. Suppose -c - 220 = -j*c. Calculate the greatest common divisor of s and c.
5
Let a be (-1)/(-1) - (4 - 3). Let p = a + 1. Let x = -10 - -19. Calculate the highest common factor of p and x.
1
Suppose -r + 29 = 5*i, -4*r + 2*i - 4*i = -188. Calculate the highest common factor of 98 and r.
49
Let g = -13 + 20. Let p = g + 5. What is the highest common factor of 6 and p?
6
Let o(i) = 0 - 3 + 1 - 2 - i. Let p be o(-13). Calculate the highest common factor of 63 and p.
9
Let z(t) = t + 5. Let y be z(-4). Let i = 0 + y. Let x be i + 18/(0 + 2). What is the greatest common factor of 110 and x?
10
Let q be 1*(-1)/1*-3. Suppose -2*k - 4 = 0, -2*u + 1 = -2*k - 3. Suppose u*t - 108 = -4*t. What is the highest common factor of t and q?
3
Let v = 33 + -29. Calculate the greatest common divisor of 20 and v.
4
Suppose 2*z + z = 39. Let j be ((0 - 0)*1)/1. Let w be j - (z + 2)*-1. What is the highest common factor of 60 and w?
15
Let k = 25 + -17. Let d be (-2)/(-6) + (-215)/(-3). What is the highest common divisor of k and d?
8
Suppose -